hundreds digit of s?
3
Suppose 0 = 8*o - 4*o + 3*j - 26, -8 = -4*j. Suppose -4*b = -o*t - 2377 - 812, 5*b = 4*t + 3993. What is the units digit of b?
1
Suppose 1827*w + 570 = 1832*w. What is the hundreds digit of w?
1
Let z(s) = 7*s - 160. Let u be z(0). Let x = 619 + u. What is the units digit of x?
9
Suppose -5*n - 31323 = -r + 19434, n + 152187 = 3*r. What is the hundreds digit of r?
7
Let h = -22075 - -54977. What is the units digit of h?
2
Suppose 44*r - 46*r + 5*u = -9430, -u = 3*r - 14162. What is the thousands digit of r?
4
Let l be 3/(-6) - (19/(-2) - 5). Suppose -20 - 316 = -l*g. What is the tens digit of g?
2
Let h(d) = 3*d + 21. Let k be h(-7). Suppose k = j - 402 - 106. Suppose j = 4*t + 4*m, 0 = -2*m + m - 1. What is the units digit of t?
8
Suppose -4*s = -11*s + 21. Suppose 4*d = -s*f + 178, -6*f = -5*d - 2*f + 238. What is the units digit of d?
6
Suppose 0 = y - 2. Let w(h) = -21*h**2 + 6*h - 7. Let u(m) = -11*m**2 + 3*m - 3. Let l(b) = -7*u(b) + 3*w(b). What is the units digit of l(y)?
0
Let c = 95413 - 64113. What is the thousands digit of c?
1
Let s(g) = 2*g**3 - 45*g**2 + 112*g + 57. What is the hundreds digit of s(30)?
9
Let z = -34070 + 96200. What is the units digit of z?
0
Let m = 14933 - 10264. What is the tens digit of m?
6
Let d be 58530/27 + 18/81. Suppose -3*m + 1650 = -3*u, m - 4*u = 5*m - d. What is the hundreds digit of m?
5
Suppose 2*c - 11176 = -4*l, 50*l - 45*l - 22373 = -4*c. What is the thousands digit of c?
5
Let h(c) = 4*c - 32. Let n be h(8). Let x be n + (-8)/44 + 18024/33. Suppose -4*a = 2*a - x. What is the tens digit of a?
9
Let u = 42 + -42. Suppose 5*q - 6*q = u. Suppose q = 3*k + 4*s - 261, -4*k + 352 = 6*s - 2*s. What is the units digit of k?
1
Let t = 109 - 69. Suppose 0 = -3*k - 2*k - 5*o, 3*o + t = 5*k. Suppose -k*d + 2*j + 730 = 5*j, 2*d - 318 = 4*j. What is the tens digit of d?
4
Suppose 7*m + 11 - 74 = 0. Suppose 0 = -80*x + 83*x - m. Suppose s = 5*c + 126, -s - 260 = -x*s + 2*c. What is the hundreds digit of s?
1
Suppose n + p + 728 = 0, 2214 = -3*n + 2*p + p. Let t = -338 - n. What is the tens digit of t?
9
Suppose -y - 3*u = -441, 2*y - 882 = -2*u - 2*u. Suppose 5*s - 2*q = 37 - y, -5*s - 392 = 4*q. Let o = -5 - s. What is the tens digit of o?
7
Let a(s) = 2*s**3 + 15*s**2 + 3*s - 8. Let t be a(-7). Let d be t/6 - (-6)/9. What is the units digit of d - 33*40/(-12)?
4
Let x = 1419 + 11931. What is the hundreds digit of x?
3
Let g(l) = 207*l**2 - 182*l + 48. What is the ten thousands digit of g(11)?
2
Suppose -46*d + 3*h + 927 = -41*d, -4*h = -5*d + 926. What is the units digit of d?
6
Let l(p) be the second derivative of -2*p**5/5 + p**4/6 - 7*p**3/6 - 3*p**2/2 - p. Suppose -51*i - 49 = 104. What is the tens digit of l(i)?
5
Let o(z) = z - 11 + 15 - 4*z**2 + 0*z + 3*z**2. Let f be o(4). Let x(c) = c**3 + 8*c**2 - 9*c - 4. What is the units digit of x(f)?
8
Suppose 0 = 9*y + 14*y - 368. Suppose -4728 = -22*l + y*l. What is the hundreds digit of l?
7
Suppose -3*s - 3*n - 477 = 0, 5*n - 3*n = -3*s - 475. Let p = s - -456. What is the units digit of p?
9
Let b be -17 + 17 + (1 - 1). What is the units digit of 1*5 + (b + 8 - 10)?
3
Suppose 2*q = 4*q - 2*i - 24, -4*q = 3*i - 55. Let j = -10 + q. What is the tens digit of 14*(-5)/j*-6?
4
Let f(d) be the second derivative of d**4/12 + 4*d**3/3 + 4*d**2 + 15*d. Let g be f(-8). What is the units digit of 3 - 48/(-21) - g/28?
5
Suppose -3*s - 4 = 2. Suppose 9*j + 1144 = -7*d + 7*j, -4*j + 368 = -2*d. What is the tens digit of d*(1 + 1)*s/4?
6
Suppose 0 = 14*u + 15 - 29. What is the tens digit of ((-1)/3)/(8768/8772 - u)?
3
Let u(k) = -k**3 + 18*k**2 + 17*k + 37. Let x be u(19). What is the units digit of 1/(2/1062) - (2 - x)?
8
Let g be ((-6)/(-2 - 1))/((-1)/(-2)). Let h = 52 - g. Suppose 4*s - 321 = -x, 5*x + h + 107 = 2*s. What is the tens digit of s?
8
Let r = 115 - 117. Let s be r/(-2)*0/(-2). Suppose -h - 4*n + 36 = 0, s*h - 4*h - 4*n + 204 = 0. What is the units digit of h?
6
Let f(w) = -w**2 - 5*w + 2. Let m(u) = -4*u + 3. Let i(n) = -6*f(n) + 7*m(n). Let b be 5390/(-1309) - (-7)/((-238)/(-4)). What is the units digit of i(b)?
7
Let f be (1 + 0/4)*133. Suppose w + 1770 + f = 4*k, 0 = -2*k - 2*w + 964. What is the tens digit of k?
7
Let y be (6/15)/((-5)/(-75)). Suppose 0 = 3*l - 39 + y. Suppose 5*a - l*a = -486. What is the tens digit of a?
8
Let q(k) = -k**2 + 2. Let x be q(0). Suppose -x*r + 519 - 43 = 0. What is the tens digit of r?
3
Suppose -w + 3*n = -17, 5*w + 5 = 10*w + n. Suppose -6*i - 5*z + 1069 = -w*i, 0 = 5*i + 3*z - 1333. What is the hundreds digit of i?
2
Let t = -11 + 20. Let g = 11 - t. Suppose -4*p = 2*q - 170, -p - g*q = p - 82. What is the tens digit of p?
4
What is the thousands digit of (13354 + 20)*(-1)/(-2)?
6
Let g(z) = z**2 - 6*z + 23. Suppose -58 = -8*c - 170. What is the hundreds digit of g(c)?
3
Let u be ((-9)/((-54)/(-327)))/((-1)/6). Let j = -192 + u. What is the hundreds digit of j?
1
Suppose 2*s - 57 = 49. Suppose -s*r = -58*r + 3625. What is the hundreds digit of r?
7
Let o(g) = 72*g**2 + 30*g + 46. What is the units digit of o(-9)?
8
Suppose 0 = -5*h - 4*f + 114074, 4*h + 9*f - 10*f - 91255 = 0. What is the hundreds digit of h?
8
Let w = -498 - -181. Let d be (-3)/(-2) - w/(-2). Let m = d + 269. What is the units digit of m?
2
Suppose 75*m = -140*m + 1666895. What is the tens digit of m?
5
Let k be (-15)/30 - (-665)/2. Suppose 4*f - 10*d = -14*d + k, -251 = -3*f - 2*d. What is the tens digit of f?
8
Let o(s) = -2*s**3 - 15*s**2 + 10*s + 112. What is the thousands digit of o(-20)?
9
Let n = 13 + -9. Let h be (0 - 2/n)*2. What is the tens digit of (3 + h - -4)/(2/16)?
4
Suppose -5*i = -3*y + 10918, -14*y + 2*i = -17*y + 10967. What is the units digit of y?
1
Let d(h) = -h**3 + 53*h**2 - 86*h + 436. What is the hundreds digit of d(25)?
7
Suppose -1690*n + 1577*n + 2828729 = 0. What is the tens digit of n?
3
Suppose -z + 3*z - 24 = 0. Let x(y) = -y**3 + 12*y**2 + 11*y - 29. Let c be x(z). Let n = c - 1. What is the tens digit of n?
0
Suppose -h + 5 = 2*t, -2*h - 8*t + 19 = -13*t. Let g(j) = 3*j**3 - 6*j**2 + 12*j - 30. What is the hundreds digit of g(h)?
7
Suppose -p - 26 - 85 = 0. Suppose 80 - 264 = j. Let h = p - j. What is the tens digit of h?
7
Suppose 3*i - 6 + 0 = 0, -4*c - 522 = -3*i. Let f = 133 + c. Suppose -j - 5*r + 195 + 79 = 0, j - 277 = -f*r. What is the hundreds digit of j?
2
Let s(t) = 43*t**2 + 106*t + 195. What is the thousands digit of s(35)?
6
Let u(h) = 3*h**2 + 27*h + 6. Let o be u(9). Suppose 4*v = 3*w + v - o, 5*w - v = 804. What is the tens digit of w?
6
Let q be (-129)/(-27) - 4/(-18). What is the units digit of 4/((-64)/(-40))*904/q?
2
Suppose -2*b + 6 = b, 10 = -4*i - 3*b. Let r = i + 14. Let v(m) = m**2 - m - 15. What is the units digit of v(r)?
5
Let x be 3/5*(-575)/5. What is the units digit of -4*(5 + x/12)?
3
Let n = -11 + 30. Let h = n + -17. Suppose 0 = 3*g + 3*y - 235 - 29, h*g + 3*y = 171. What is the units digit of g?
3
Let j(v) = 56*v**2 + 33. Let h(a) = -55*a**2 + 2*a - 32. Let o(c) = -7*h(c) - 6*j(c). What is the hundreds digit of o(4)?
7
Let a(p) = 22*p**2 + 205*p + 139. What is the ten thousands digit of a(35)?
3
What is the thousands digit of 16928/552*(-1254)/(-8)?
4
Let z(b) = -189*b**3 + 2*b**2 - 2*b - 72. What is the ten thousands digit of z(-4)?
1
Let b(m) be the third derivative of m**4/6 - 2*m**3/3 + m**2 - 25. Let n = 21 + -14. What is the units digit of b(n)?
4
Let c be 195 - (1 + 0 + 1 + 0). Let h = -177 + c. What is the tens digit of h?
1
Let g(d) = 226*d + 1139. What is the tens digit of g(28)?
6
Let g = -15931 - -26294. What is the thousands digit of g?
0
Let g(z) = -284*z**3 + z**2 - 9*z - 10. What is the hundreds digit of g(-2)?
2
Let i = 36 - 347. Suppose -2*o = -g - 221, 2*o + 1067 = -5*g - 14. Let k = g - i. What is the tens digit of k?
9
Let s = -9 + 11. Suppose 0 = -s*g + 49 - 45. Suppose -g*l = -6*w + 2*w - 160, 3*l - 275 = -w. What is the units digit of l?
0
What is the hundreds digit of (-4019 - (-110)/(-11))/(-2 + 4 - 3)?
0
Let a be (16 + -13)/((7 - 3)/4). Suppose 0 = -a*j + 3529 - 877. What is the tens digit of j?
8
Suppose 0 = 5*h - 0 - 10, 2*x + 14 = h. What is the units digit of (-12)/(39/x + 5)?
8
Suppose -2*q + 100 - 33 = -5*t, -q = -